common divisor of r and 14.
14
Suppose 2*u = 12 + 20. What is the highest common divisor of u and 184?
8
Let q be 25 - 0/(-1 - 1). Suppose 22*s - 14*s = 800. What is the highest common divisor of q and s?
25
Let f(a) = 29*a**3 + a**2. Let r be f(1). Let u be 2/(-9) + (-209)/(-9). Suppose 0 = 2*w + u - 43. What is the highest common divisor of w and r?
10
Let s = 107 + 3. Let i = 12453 + -12443. Calculate the greatest common factor of i and s.
10
Let o(a) = a**3 + 31*a**2 + 13*a - 70. Let r be o(-30). Calculate the highest common divisor of 80 and r.
40
Let n = 140 - 134. Let j = 18 + -12. What is the greatest common divisor of n and j?
6
Suppose 3*o + 4*k - 7 = 511, 0 = -3*o + 2*k + 542. Let s = -88 + 163. Let p = s + o. Calculate the greatest common divisor of 23 and p.
23
Let m(x) = -18 + 17 + x**2 - 3*x + x - x. Let i be m(8). What is the highest common divisor of 13 and i?
13
Let y(x) = -21*x - 182. Let s be y(-13). Calculate the highest common divisor of 13 and s.
13
Let t be 1/(-4) - (4302/(-24) - 1). What is the highest common factor of 36 and t?
36
Let o = -56 - -146. Calculate the greatest common divisor of 12 and o.
6
Let w be 30/(-20)*(-13 - 1). Let d = 32 - w. Let t be 87*(3 + -2) - -1. Calculate the greatest common factor of t and d.
11
Let y = -11 - 34. Let q = y + 67. What is the highest common divisor of q and 22?
22
Let k be 8/14 + (-256)/56. Let j be -28*k/(5 + -3). What is the highest common factor of 84 and j?
28
Let r = 115 + -79. Let z be 5/(-10)*-1*r. Calculate the highest common factor of z and 54.
18
Let q be 60 + (1 - -1) - 4. Suppose 2*r + q = 4*l - 3*r, -5*l = 3*r - 54. Calculate the greatest common factor of 96 and l.
12
Suppose 378 = 15*z + 78. What is the greatest common divisor of z and 65?
5
Suppose 3*y = -0*y + 6. Let n be (1 + y)/((-3)/44). Let i be 1*n/(0 + -4). Calculate the highest common factor of i and 55.
11
Suppose z = 2*z - 43. Let k = z + -30. Let u(f) = -3*f - 140. Let t be u(-51). What is the highest common factor of t and k?
13
Let n be ((-3)/2)/((-18)/(-24)). Let y be 2/n - 2 - 1. Let d be (-153)/y - 15/(-20). What is the highest common factor of 26 and d?
13
Let x = 126 + -105. What is the highest common divisor of x and 28?
7
Let u be 4/18 - 373*(-26)/18. What is the greatest common factor of u and 11?
11
Let u = 14 + 8. Let a = u + -13. Let n(h) = h + 24. Let d be n(-6). Calculate the highest common divisor of d and a.
9
Let x(v) = -v + 9. Let j be x(0). Let a(w) = 6*w - 19. Let u be a(j). Calculate the highest common factor of u and 5.
5
Let o = 2799 - 2786. What is the highest common factor of o and 936?
13
Let f be (-16)/(-12)*-2*-30. Let h be -1 + (-1)/(-1) - -8. What is the highest common factor of h and f?
8
Let o = 52 + -40. Let g = -154 + 286. What is the highest common divisor of g and o?
12
Let o = -13 - -29. Suppose 0*y + 2*y + o = d, 6 = -3*y. Suppose 4*m = -0*m + 48. What is the highest common divisor of d and m?
12
Suppose -52 = -23*m + 19*m. Suppose -2*y + 5*t + m = 0, 4*y + 11 = 5*y + 2*t. Calculate the highest common divisor of 45 and y.
9
Let p(y) = 19*y - 10*y + 17*y - 17. Let i be p(7). Calculate the greatest common divisor of 66 and i.
33
Suppose 0 = -7*q + 94 + 452. Let u be (-72)/(-39) + 12/q. Calculate the greatest common divisor of 2 and u.
2
Let m(v) = -v**3 + 12*v**2 - 5*v - 26. Let o be m(11). What is the greatest common factor of o and 10?
10
Let p be ((-40)/(-84)*-6)/((-30)/105). What is the greatest common divisor of p and 65?
5
Let s be 3/6*-6 + -10. Let r(k) = -4*k - 7. Let f be r(s). Suppose 27 = 6*o - 3*o. What is the greatest common factor of o and f?
9
Let r be -2*(114/4)/(-1). Let k = 7533 + -7514. What is the greatest common divisor of k and r?
19
Suppose -49*i + 432 = -13*i. What is the highest common divisor of i and 180?
12
Suppose -2*g - 2 = 8, -2*v - 56 = 4*g. Let s = v + 31. Suppose 2*m - 178 = 4. Calculate the highest common factor of s and m.
13
Suppose -6 = -c + 9. Suppose -9 = c*z - 16*z. What is the greatest common divisor of z and 63?
9
Suppose 3*z + 15 = 6*z + 4*j, 3*j = 9. Let x = -11 - -15. Calculate the greatest common factor of z and x.
1
Let f be 4218/8 - (-3)/72*-6. What is the highest common divisor of f and 31?
31
Suppose 0*v - v + 4 = 0. Suppose -47 = -y + l, -7*y + 280 = -2*y + v*l. What is the highest common divisor of 13 and y?
13
Let r(u) = u**2 - 3*u - 7. Let t(g) = -4*g - 6. Let q be t(-5). Suppose -q = -8*x + 6*x. Let c be r(x). Calculate the highest common divisor of c and 3.
3
Let u(k) = k**2 + 39*k - 93. Let x be u(-42). Calculate the greatest common factor of x and 66.
33
Suppose -n + 7 = 33*w - 36*w, -6 = 2*n + 4*w. Calculate the greatest common factor of 10 and n.
1
Let m be 34 - -3 - (-5 - (-3 - 3)). Calculate the greatest common divisor of 12 and m.
12
Let y be ((-1)/1)/((-3)/351*1). Calculate the greatest common factor of 78 and y.
39
Suppose 12*b = 10*b + 5*g + 96, 3*b + g - 144 = 0. Calculate the greatest common factor of 256 and b.
16
Let t = 714 - 712. Calculate the greatest common divisor of t and 65.
1
Let d(c) = -10*c - 5. Let i be ((-8)/10)/((-2)/30). Let s = i + -23. Let j be d(s). What is the greatest common factor of 21 and j?
21
Suppose 2*q = 2*g + 1422, 4*q + 18*g = 16*g + 2862. Calculate the highest common factor of q and 102.
102
Let d = -85 - -119. Suppose -5*y + 291 = 3*x, -2*y = -3*x + 3*y + 321. Calculate the greatest common factor of d and x.
34
Let w be 46/(-3) + -2*1/(-6). Let i be (-3)/15 - 18/w. What is the highest common divisor of i and 4?
1
Let s(m) be the first derivative of 12*m**3 + m + 9. Let v be s(1). Calculate the greatest common divisor of v and 333.
37
Let h be -1 - -21 - (-5 + 7). Suppose -2*l + 144 = 5*k, 0 = -2*k - 0*k. Calculate the highest common factor of l and h.
18
Let a(x) = 30*x**2 - 4*x - 10. Suppose v + 0 = -3. Let l be a(v). Calculate the highest common factor of l and 34.
34
Let k be (-30)/70 - (-435)/35. Let y(s) = 29*s + 1. Let p be y(1). Calculate the highest common factor of p and k.
6
Suppose -91 = -4*f - c, 14*c - 13*c = 3. Calculate the greatest common divisor of 638 and f.
22
Let q = -3479 - -3503. Suppose 2*o = -1 - 1. Let u(l) = -239*l + 1. Let k be u(o). Calculate the highest common divisor of q and k.
24
Let w(n) = 2*n**2 + 14*n - 35. Let q be w(-9). What is the highest common factor of 3 and q?
1
Let z(g) = -g**3 + 6*g**2. Let l be z(6). Suppose l = -5*o - 4 + 169. Let p be (66/(-8))/(3/(-8)). Calculate the greatest common divisor of o and p.
11
Suppose i - 15 = -2*f, f - 5*i + 12 = 4*f. Let s = -67 - -139. Calculate the greatest common factor of f and s.
9
Let j = 11 - 11. Let d be (13 + (1 - j))*30/4. What is the greatest common divisor of 21 and d?
21
Suppose -17*c + 504 = -15*c. Suppose -2*d = -5*v - 630, 3*v - 3*d - c = 5*v. Let s be -3 - (v + 0 + -3). What is the greatest common factor of s and 14?
14
Let z be ((-1424)/22)/4 - 6/(-33). Let n(c) = c**3 + 15*c**2 - 22*c - 51. Let y be n(z). Calculate the highest common divisor of 36 and y.
9
Let g be 12/(-42) + (-860)/28. Let t be 2/2*(-30 - g). Calculate the highest common factor of 8 and t.
1
Suppose -y - 5*y = -876. What is the highest common divisor of y and 73?
73
Let z = -137 + 317. What is the highest common factor of 40 and z?
20
Let c = 1547 + -1511. Let q = -19 - -33. Let l be (-1 - 1) + q + -3. Calculate the highest common factor of l and c.
9
Let b(w) = 46*w**2 - 6 + 8*w - 92*w**2 + 45*w**2. Let q be b(7). Suppose -p - 2*p - 4*s + 41 = 0, 3*p - s = 16. What is the greatest common divisor of p and q?
1
Let j be (-5)/1 + -2 + (-7 - -229). What is the greatest common factor of 43 and j?
43
Suppose 2*n - n + 3*h - 86 = 0, -5*h = 2*n - 176. Calculate the greatest common divisor of n and 14.
14
Suppose -2*a - 50 = -54. Suppose -y + 2*g + a*g + 45 = 0, -4*g = 2*y - 42. What is the greatest common factor of y and 87?
29
Suppose -2*y - 57 = -3*t + y, -5*t = y - 113. Let u(i) = 26*i**2 - 8*i - 1. Let d be u(-1). What is the greatest common divisor of t and d?
11
Let p(m) = 10*m + 184. Let r be p(0). What is the greatest common divisor of 782 and r?
46
Let x = 21 - 17. Suppose r + 159 = x*r - 3*z, 2*z = -2*r + 86. What is the greatest common divisor of r and 6?
6
Suppose 0 = -s + 7 - 4. Suppose c